{"id":572,"date":"2019-05-31T09:17:59","date_gmt":"2019-05-31T09:17:59","guid":{"rendered":"http:\/\/andreastheobald.com\/?post_type=tribe_events&#038;p=572"},"modified":"2019-05-31T09:22:56","modified_gmt":"2019-05-31T09:22:56","slug":"cite-des-dames-clara-goes-jazz","status":"publish","type":"tribe_events","link":"https:\/\/andreastheobald.com\/en\/tribe_events\/cite-des-dames-clara-goes-jazz","title":{"rendered":"\"CITE DES DAMES Clara goes Jazz\""},"content":{"rendered":"<p>Lieder von Clara Wieck-Schumann im Original und in instrumentalen Jazzbearbeitungen.<\/p>\n<p>Ein Konzert anl\u00e4sslich des 200. Geburtstags von Clara Wieck-Schumann im Rahmen der Konzertreihe Cit\u00e9 des Dames der Gleichstellungskommission der HfMT K\u00f6ln mit STudierenden der Klassen Prof. Mechthild Georg (Fachbereich Gesang \/ Musiktheater) und Prof. Hendrik Soll (Fachbereich Jazz \/ Pop).<\/p>\n","protected":false},"excerpt":{"rendered":"<p>Lieder von Clara Wieck-Schumann im Original und in instrumentalen Jazzbearbeitungen. Ein Konzert anl\u00e4sslich des 200. Geburtstags von Clara Wieck-Schumann im Rahmen der Konzertreihe Cit\u00e9 des Dames der Gleichstellungskommission der HfMT [&hellip;]<\/p>\n","protected":false},"author":1,"featured_media":577,"template":"","meta":{"_tribe_events_status":"","_tribe_events_status_reason":"","footnotes":""},"tags":[],"tribe_events_cat":[],"class_list":["post-572","tribe_events","type-tribe_events","status-publish","has-post-thumbnail","hentry"],"_links":{"self":[{"href":"https:\/\/andreastheobald.com\/en\/wp-json\/wp\/v2\/tribe_events\/572","targetHints":{"allow":["GET"]}}],"collection":[{"href":"https:\/\/andreastheobald.com\/en\/wp-json\/wp\/v2\/tribe_events"}],"about":[{"href":"https:\/\/andreastheobald.com\/en\/wp-json\/wp\/v2\/types\/tribe_events"}],"author":[{"embeddable":true,"href":"https:\/\/andreastheobald.com\/en\/wp-json\/wp\/v2\/users\/1"}],"version-history":[{"count":1,"href":"https:\/\/andreastheobald.com\/en\/wp-json\/wp\/v2\/tribe_events\/572\/revisions"}],"predecessor-version":[{"id":573,"href":"https:\/\/andreastheobald.com\/en\/wp-json\/wp\/v2\/tribe_events\/572\/revisions\/573"}],"wp:featuredmedia":[{"embeddable":true,"href":"https:\/\/andreastheobald.com\/en\/wp-json\/wp\/v2\/media\/577"}],"wp:attachment":[{"href":"https:\/\/andreastheobald.com\/en\/wp-json\/wp\/v2\/media?parent=572"}],"wp:term":[{"taxonomy":"post_tag","embeddable":true,"href":"https:\/\/andreastheobald.com\/en\/wp-json\/wp\/v2\/tags?post=572"},{"taxonomy":"tribe_events_cat","embeddable":true,"href":"https:\/\/andreastheobald.com\/en\/wp-json\/wp\/v2\/tribe_events_cat?post=572"}],"curies":[{"name":"wp","href":"https:\/\/api.w.org\/{rel}","templated":true}]}}

<p>Lieder von Clara Wieck-Schumann im Original und in instrumentalen Jazzbearbeitungen.</p>
<p>Ein Konzert anlässlich des 200. Geburtstags von Clara Wieck-Schumann im Rahmen der Konzertreihe Cité des Dames der Gleichstellungskommission der HfMT Köln mit STudierenden der Klassen Prof. Mechthild Georg (Fachbereich Gesang / Musiktheater) und Prof. Hendrik Soll (Fachbereich Jazz / Pop).</p>

<p>Lieder von Clara Wieck-Schumann im Original und in instrumentalen Jazzbearbeitungen. Ein Konzert anlässlich des 200. Geburtstags von Clara Wieck-Schumann im Rahmen der Konzertreihe Cité des Dames der Gleichstellungskommission der HfMT [&hellip;]</p>
