{"id":2430,"date":"2025-11-27T11:31:13","date_gmt":"2025-11-27T10:31:13","guid":{"rendered":"https:\/\/andreastheobald.com\/?post_type=tribe_events&#038;p=2430"},"modified":"2026-05-21T16:04:23","modified_gmt":"2026-05-21T14:04:23","slug":"elysia-masterabschlusskonzert","status":"publish","type":"tribe_events","link":"https:\/\/andreastheobald.com\/en\/tribe_events\/elysia-masterabschlusskonzert","title":{"rendered":"Masterabschlusskonzert \"Elysia\" feat. Luciano Biondini, Europ\u00e4ischer Kammerchor u.A."},"content":{"rendered":"<p class=\"p1\"><strong><span class=\"s1\">Das Konzertprogramm \u201eElysia\u201c des Jazzpianisten und Komponisten Andreas Theobald vereint ein Projektensemble aus Jazz, Pop, Klassik und Barock Studierenden der HfMT K\u00f6ln mit GastmusikerInnen aus verschiedenen Teilen Europas, die in Ihrem Schaffen musikalische und kulturelle Grenzen \u00fcberwinden. \u201e<\/span><span class=\"s2\">Elysia\u201c ist eine musikalische Reise durch Europa &#8211; getragen von Stimmen, Instrumenten und Geschichten, die die Vielfalt unseres Kontinents feiern und h\u00f6rbar machen.<\/span><span class=\"s1\"> In dem Projekt wird Jazz zu einer forschenden, integrativen Kunstform, die Improvisation als verbindendes Element zwischen Kulturen und Komposition als strukturelles Mittel zur Integration unterschiedlicher Traditionen nutzt.<\/span><span class=\"s2\"> In einer eigens komponierten Suite vermengen sich A-capella Kl\u00e4nge, europ\u00e4ische Folkmusik und Jazz zu einer klingenden Vision.<\/span><\/strong><\/p>\n<p class=\"p1\">Der italienische Jazzakkordeonist <strong>Luciano Biondini<\/strong> sucht in seinen Projekten immer wieder nach der Verbindung zwischen seinen eigenen folkloristischen Wurzeln und u.A. mit Rabih Abou-Khalil in Kombination mit arabischer Musik und barocken Instrumenten.<\/p>\n<p class=\"p1\">Die S\u00e4ngerin <strong>Anastasija Kildi\u0161a<\/strong> vertritt in ihrer Person die Verbindung zwischen Ost und West. Als bekennende Lettin und \u00fcberzeugte Europ\u00e4erin ist sie nicht nur in der lettischen Chormusik, sondern auch tief in der orthodoxen Sakralmusik verwurzelt und promoviert aktuell an der Musikakademie Riga zum Byzantinische Ges\u00e4ngen.<\/p>\n<p class=\"p1\">Der englische Organist <strong>George Warren<\/strong> ist Wahlk\u00f6lner und brilliert nicht nur an der Orgel, sondern ist dar\u00fcber hinaus auch f\u00fcr diverse Ausfl\u00fcge in die Popwelt und sein Synthesizer-Improvisationsprogramm mit dem Pianisten Michael Gees bekannt.<\/p>\n<p class=\"p1\"><strong>Alex Froitzheim<\/strong> ist versierter Spieler von Tin Whistles und Uilleann Pipe (irische Variante des Dudelsacks), der wenn er nicht mit diversen Gr\u00f6\u00dfen der Folkszene tourt, das Deutsche Jugendfolkorchester leitet.<\/p>\n<p class=\"p1\"><strong>Michael Reif<\/strong> bringt mit dem <strong>Europ\u00e4ischen Kammerchor K\u00f6ln<\/strong> ein in vielsprachiger Musik spezialisiertes Ensemble mit in das Projekt, welches in vergangen Jahren mehrfach mit Ensembles aus dem Jazzbereich und der orientalischen Musik kooperiert hat.<\/p>\n<p>&nbsp;<\/p>\n<p>Luciano Biondini\u00a0 &#8211; Akkordeon<\/p>\n<p>Anastasija Kildi\u0161a &#8211; Gesang<\/p>\n<p>Andrey Akhmetov &#8211; Gesang<\/p>\n<p>Alex Froitzheim &#8211; Uilleann Pipes, Whistles<\/p>\n<p>George Warren &#8211; Orgel<\/p>\n<p>&nbsp;<\/p>\n<p>Europ\u00e4ischer Kammerchor K\u00f6ln<\/p>\n<p>Kammerensemble mit Studierenden der HfMT K\u00f6ln<\/p>\n<p>Michael Reif und Andreas Theobald &#8211; Leitung<\/p>\n<p>&nbsp;<\/p>\n<p class=\"p1\"><a href=\"https:\/\/youtu.be\/HVW4t0gZz_Y?si=Be00vX_huZ4Z9bgl\" target=\"_blank\" rel=\"noopener\">Hier ein kleiner H\u00f6reindruck<\/a><\/p>\n","protected":false},"excerpt":{"rendered":"<p>Das Konzertprogramm \u201eElysia\u201c des Jazzpianisten und Komponisten Andreas Theobald vereint ein Projektensemble aus Jazz, Pop, Klassik und Barock Studierenden der HfMT K\u00f6ln mit GastmusikerInnen aus verschiedenen Teilen Europas, die in [&hellip;]<\/p>\n","protected":false},"author":1,"featured_media":2458,"template":"","meta":{"_tribe_events_status":"","_tribe_events_status_reason":"","footnotes":""},"tags":[],"tribe_events_cat":[],"class_list":["post-2430","tribe_events","type-tribe_events","status-publish","has-post-thumbnail","hentry"],"_links":{"self":[{"href":"https:\/\/andreastheobald.com\/en\/wp-json\/wp\/v2\/tribe_events\/2430","targetHints":{"allow":["GET"]}}],"collection":[{"href":"https:\/\/andreastheobald.com\/en\/wp-json\/wp\/v2\/tribe_events"}],"about":[{"href":"https:\/\/andreastheobald.com\/en\/wp-json\/wp\/v2\/types\/tribe_events"}],"author":[{"embeddable":true,"href":"https:\/\/andreastheobald.com\/en\/wp-json\/wp\/v2\/users\/1"}],"version-history":[{"count":13,"href":"https:\/\/andreastheobald.com\/en\/wp-json\/wp\/v2\/tribe_events\/2430\/revisions"}],"predecessor-version":[{"id":2485,"href":"https:\/\/andreastheobald.com\/en\/wp-json\/wp\/v2\/tribe_events\/2430\/revisions\/2485"}],"wp:featuredmedia":[{"embeddable":true,"href":"https:\/\/andreastheobald.com\/en\/wp-json\/wp\/v2\/media\/2458"}],"wp:attachment":[{"href":"https:\/\/andreastheobald.com\/en\/wp-json\/wp\/v2\/media?parent=2430"}],"wp:term":[{"taxonomy":"post_tag","embeddable":true,"href":"https:\/\/andreastheobald.com\/en\/wp-json\/wp\/v2\/tags?post=2430"},{"taxonomy":"tribe_events_cat","embeddable":true,"href":"https:\/\/andreastheobald.com\/en\/wp-json\/wp\/v2\/tribe_events_cat?post=2430"}],"curies":[{"name":"wp","href":"https:\/\/api.w.org\/{rel}","templated":true}]}}

Masterabschlusskonzert "Elysia" feat. Luciano Biondini, Europäischer Kammerchor u.A.

<p class="p1"><strong><span class="s1">Das Konzertprogramm „Elysia“ des Jazzpianisten und Komponisten Andreas Theobald vereint ein Projektensemble aus Jazz, Pop, Klassik und Barock Studierenden der HfMT Köln mit GastmusikerInnen aus verschiedenen Teilen Europas, die in Ihrem Schaffen musikalische und kulturelle Grenzen überwinden. „</span><span class="s2">Elysia“ ist eine musikalische Reise durch Europa &#8211; getragen von Stimmen, Instrumenten und Geschichten, die die Vielfalt unseres Kontinents feiern und hörbar machen.</span><span class="s1"> In dem Projekt wird Jazz zu einer forschenden, integrativen Kunstform, die Improvisation als verbindendes Element zwischen Kulturen und Komposition als strukturelles Mittel zur Integration unterschiedlicher Traditionen nutzt.</span><span class="s2"> In einer eigens komponierten Suite vermengen sich A-capella Klänge, europäische Folkmusik und Jazz zu einer klingenden Vision.</span></strong></p>
<p class="p1">Der italienische Jazzakkordeonist <strong>Luciano Biondini</strong> sucht in seinen Projekten immer wieder nach der Verbindung zwischen seinen eigenen folkloristischen Wurzeln und u.A. mit Rabih Abou-Khalil in Kombination mit arabischer Musik und barocken Instrumenten.</p>
<p class="p1">Die Sängerin <strong>Anastasija Kildiša</strong> vertritt in ihrer Person die Verbindung zwischen Ost und West. Als bekennende Lettin und überzeugte Europäerin ist sie nicht nur in der lettischen Chormusik, sondern auch tief in der orthodoxen Sakralmusik verwurzelt und promoviert aktuell an der Musikakademie Riga zum Byzantinische Gesängen.</p>
<p class="p1">Der englische Organist <strong>George Warren</strong> ist Wahlkölner und brilliert nicht nur an der Orgel, sondern ist darüber hinaus auch für diverse Ausflüge in die Popwelt und sein Synthesizer-Improvisationsprogramm mit dem Pianisten Michael Gees bekannt.</p>
<p class="p1"><strong>Alex Froitzheim</strong> ist versierter Spieler von Tin Whistles und Uilleann Pipe (irische Variante des Dudelsacks), der wenn er nicht mit diversen Größen der Folkszene tourt, das Deutsche Jugendfolkorchester leitet.</p>
<p class="p1"><strong>Michael Reif</strong> bringt mit dem <strong>Europäischen Kammerchor Köln</strong> ein in vielsprachiger Musik spezialisiertes Ensemble mit in das Projekt, welches in vergangen Jahren mehrfach mit Ensembles aus dem Jazzbereich und der orientalischen Musik kooperiert hat.</p>
<p>&nbsp;</p>
<p>Luciano Biondini  &#8211; Akkordeon</p>
<p>Anastasija Kildiša &#8211; Gesang</p>
<p>Andrey Akhmetov &#8211; Gesang</p>
<p>Alex Froitzheim &#8211; Uilleann Pipes, Whistles</p>
<p>George Warren &#8211; Orgel</p>
<p>&nbsp;</p>
<p>Europäischer Kammerchor Köln</p>
<p>Kammerensemble mit Studierenden der HfMT Köln</p>
<p>Michael Reif und Andreas Theobald &#8211; Leitung</p>
<p>&nbsp;</p>
<p class="p1"><a href="https://youtu.be/HVW4t0gZz_Y?si=Be00vX_huZ4Z9bgl" target="_blank" rel="noopener">Hier ein kleiner Höreindruck</a></p>

<p>Das Konzertprogramm „Elysia“ des Jazzpianisten und Komponisten Andreas Theobald vereint ein Projektensemble aus Jazz, Pop, Klassik und Barock Studierenden der HfMT Köln mit GastmusikerInnen aus verschiedenen Teilen Europas, die in [&hellip;]</p>
