{"id":2235,"date":"2024-09-15T23:29:36","date_gmt":"2024-09-15T21:29:36","guid":{"rendered":"https:\/\/andreastheobald.com\/?post_type=tribe_events&#038;p=2235"},"modified":"2024-09-15T23:48:45","modified_gmt":"2024-09-15T21:48:45","slug":"ursi-pfennig-salon-de-jazz","status":"publish","type":"tribe_events","link":"https:\/\/andreastheobald.com\/en\/tribe_events\/ursi-pfennig-salon-de-jazz","title":{"rendered":"Ursi Pfennig - Salon de Jazz"},"content":{"rendered":"<div class=\"et_pb_module et_pb_text et_pb_text_1 et_pb_text_align_left et_pb_bg_layout_light\">\n<div class=\"et_pb_text_inner\">\n<p>Anik\u00f3 Kanthak, die in K\u00f6ln lebende Songschreiberin, S\u00e4ngerin, Produzentin, ist Ursi Pfennig.<br \/>\nNach zwei Jahren auf der Suche nach einem passendem Sound f\u00fcr deutsche Songs folgte Anik\u00f3 ihrer Vision und arrangierte Musik im Sound von Songschreiber*innen wie James Taylor und Joni Mitchel. \u201eMit deutschen Texten diese Anmutung und Stimmung in einem Bandkonzept zu vereinen \u2013 das wollte ich.\u201c<br \/>\nSch\u00f6n und atmosph\u00e4risch sollte es werden. Folkig, nah und deutschsprachig \u2013 aber nicht profan oder zu kitschig. \u201eKurz vor\u2019m Schlager abbiegen.\u201c<br \/>\nLieder getaucht in Nostalgie mit einer Stimmfarbe, die etwas mehr Vibrato, weniger Soul und etwas tiefere Register vertr\u00e4gt. Gedrosselte Tempi. Akkustik- und Labsteelguitar, die sich als Teppich um die atmosph\u00e4rischen Bilder der Lieder weben.<br \/>\nUrsi Pfennig vereint Nostalgie mit Wagemut und Tradition von altem Liedgut mit sp\u00fcrbaren Texten. Auch wenn Ursi eine Kunstfigur ist, die divenhaft \u00fcber den Dingen schwebt, so ist sie sp\u00fcrbar und authentisch. Sie k\u00f6nnte als Freundin von Hildegard Knef durchgehen, nur singender. Ihre Songs bewegen sich zwischen Leichtigkeit und Melancholie, mit einem subtilem ironischem Twist. L\u00e4ssig, nie aufgesetzt und doch selbstbewusst.<br \/>\nZur Ver\u00f6ffentlichung ihres Deb\u00fct Albums \u201eEine Frau\u201c spielt Ursi erstmalig im Salon de Jazz. Das Vinyl Album gibt es in einer limitierten Auflage von 100 St\u00fcck kann vor Ort mit Signatur erworben werden.<\/p>\n<p>Aniko Kanthak als Ursi Pfennig \u2013 Gesang, Tasten<br \/>\nPhilipp Bardenberg \u2013 Bass<br \/>\nRalf Gessler- Drums<br \/>\nMichi Schwiemann \u2013 Gitarren<br \/>\nFabio Nettekoven -Pedal Steel<br \/>\nAndreas Theobald \u2013 Orgel<\/p>\n<p>Fotocredit: Niclas Weber<\/p>\n<p>Eintritt: 15\/10\u20ac<\/p>\n<\/div>\n<\/div>\n<div class=\"et_pb_module et_pb_text et_pb_text_2 et_pb_text_align_left et_pb_bg_layout_light\">\n<div class=\"et_pb_text_inner\"><\/div>\n<\/div>\n","protected":false},"excerpt":{"rendered":"<p>Anik\u00f3 Kanthak, die in K\u00f6ln lebende Songschreiberin, S\u00e4ngerin, Produzentin, ist Ursi Pfennig. Nach zwei Jahren auf der Suche nach einem passendem Sound f\u00fcr deutsche Songs folgte Anik\u00f3 ihrer Vision und [&hellip;]<\/p>\n","protected":false},"author":1,"featured_media":2237,"template":"","meta":{"_tribe_events_status":"","_tribe_events_status_reason":"","footnotes":""},"tags":[],"tribe_events_cat":[],"class_list":["post-2235","tribe_events","type-tribe_events","status-publish","has-post-thumbnail","hentry"],"_links":{"self":[{"href":"https:\/\/andreastheobald.com\/en\/wp-json\/wp\/v2\/tribe_events\/2235","targetHints":{"allow":["GET"]}}],"collection":[{"href":"https:\/\/andreastheobald.com\/en\/wp-json\/wp\/v2\/tribe_events"}],"about":[{"href":"https:\/\/andreastheobald.com\/en\/wp-json\/wp\/v2\/types\/tribe_events"}],"author":[{"embeddable":true,"href":"https:\/\/andreastheobald.com\/en\/wp-json\/wp\/v2\/users\/1"}],"version-history":[{"count":3,"href":"https:\/\/andreastheobald.com\/en\/wp-json\/wp\/v2\/tribe_events\/2235\/revisions"}],"predecessor-version":[{"id":2239,"href":"https:\/\/andreastheobald.com\/en\/wp-json\/wp\/v2\/tribe_events\/2235\/revisions\/2239"}],"wp:featuredmedia":[{"embeddable":true,"href":"https:\/\/andreastheobald.com\/en\/wp-json\/wp\/v2\/media\/2237"}],"wp:attachment":[{"href":"https:\/\/andreastheobald.com\/en\/wp-json\/wp\/v2\/media?parent=2235"}],"wp:term":[{"taxonomy":"post_tag","embeddable":true,"href":"https:\/\/andreastheobald.com\/en\/wp-json\/wp\/v2\/tags?post=2235"},{"taxonomy":"tribe_events_cat","embeddable":true,"href":"https:\/\/andreastheobald.com\/en\/wp-json\/wp\/v2\/tribe_events_cat?post=2235"}],"curies":[{"name":"wp","href":"https:\/\/api.w.org\/{rel}","templated":true}]}}

<div class="et_pb_module et_pb_text et_pb_text_1 et_pb_text_align_left et_pb_bg_layout_light">
<div class="et_pb_text_inner">
<p>Anikó Kanthak, die in Köln lebende Songschreiberin, Sängerin, Produzentin, ist Ursi Pfennig.<br />
Nach zwei Jahren auf der Suche nach einem passendem Sound für deutsche Songs folgte Anikó ihrer Vision und arrangierte Musik im Sound von Songschreiber*innen wie James Taylor und Joni Mitchel. „Mit deutschen Texten diese Anmutung und Stimmung in einem Bandkonzept zu vereinen – das wollte ich.“<br />
Schön und atmosphärisch sollte es werden. Folkig, nah und deutschsprachig – aber nicht profan oder zu kitschig. „Kurz vor’m Schlager abbiegen.“<br />
Lieder getaucht in Nostalgie mit einer Stimmfarbe, die etwas mehr Vibrato, weniger Soul und etwas tiefere Register verträgt. Gedrosselte Tempi. Akkustik- und Labsteelguitar, die sich als Teppich um die atmosphärischen Bilder der Lieder weben.<br />
Ursi Pfennig vereint Nostalgie mit Wagemut und Tradition von altem Liedgut mit spürbaren Texten. Auch wenn Ursi eine Kunstfigur ist, die divenhaft über den Dingen schwebt, so ist sie spürbar und authentisch. Sie könnte als Freundin von Hildegard Knef durchgehen, nur singender. Ihre Songs bewegen sich zwischen Leichtigkeit und Melancholie, mit einem subtilem ironischem Twist. Lässig, nie aufgesetzt und doch selbstbewusst.<br />
Zur Veröffentlichung ihres Debüt Albums „Eine Frau“ spielt Ursi erstmalig im Salon de Jazz. Das Vinyl Album gibt es in einer limitierten Auflage von 100 Stück kann vor Ort mit Signatur erworben werden.</p>
<p>Aniko Kanthak als Ursi Pfennig – Gesang, Tasten<br />
Philipp Bardenberg – Bass<br />
Ralf Gessler- Drums<br />
Michi Schwiemann – Gitarren<br />
Fabio Nettekoven -Pedal Steel<br />
Andreas Theobald – Orgel</p>
<p>Fotocredit: Niclas Weber</p>
<p>Eintritt: 15/10€</p>
</div>
</div>
<div class="et_pb_module et_pb_text et_pb_text_2 et_pb_text_align_left et_pb_bg_layout_light">
<div class="et_pb_text_inner"></div>
</div>

<p>Anikó Kanthak, die in Köln lebende Songschreiberin, Sängerin, Produzentin, ist Ursi Pfennig. Nach zwei Jahren auf der Suche nach einem passendem Sound für deutsche Songs folgte Anikó ihrer Vision und [&hellip;]</p>
