{"id":2187,"date":"2024-03-04T16:01:07","date_gmt":"2024-03-04T15:01:07","guid":{"rendered":"https:\/\/andreastheobald.com\/?post_type=tribe_events&#038;p=2187"},"modified":"2024-03-04T16:02:28","modified_gmt":"2024-03-04T15:02:28","slug":"andreas-theobald-trio-movimiento-pantheon-bonn","status":"publish","type":"tribe_events","link":"https:\/\/andreastheobald.com\/en\/tribe_events\/andreas-theobald-trio-movimiento-pantheon-bonn","title":{"rendered":"Andreas Theobald Trio \"Movimiento\" - Pantheon Bonn"},"content":{"rendered":"<div class=\"\">&#8220;Die Welt ist eine unendliche Kettenreaktion &#8211; alles flie\u00dft, alles ist in Bewegung\u201c. Das Deb\u00fct Album des Pianisten Andreas Theobald entf\u00fchrt uns in seinen Kosmos der Melodien und Klangsch\u00f6nheiten. So funktioniert der Titel \u201eMovimiento\u201c als Teekesselchen und spielt sowohl auf die lateinamerikanischen Einfl\u00fcsse, als auch auf die sinfonische Anlage seiner Musik an. Die bestechende Kompositionsarbeit des geb\u00fcrtigen Bonner wurde zuletzt beim internationalen Kompositionswettbewerb \u201eMusica Sacra Nova 2021\u201c in der Abtei Brauweiler ausgezeichnet.<\/div>\n<div class=\"\"><\/div>\n<div class=\"\">Mit Calvin Lennig am Kontrabass und Lukas Schwegmann an den Drums komplettieren zwei alte Weggef\u00e4hrten das Trio. Alle drei verbindet eine Leidenschaft f\u00fcr das gestalterische Detail und lyrische Improvisationen. Alle drei haben sich im Jugendjazzorchester NRW kennengelernt.<\/div>\n<div class=\"\"><\/div>\n<div class=\"\">Die Grenzg\u00e4nge zwischen Jazz und klassischer Musik ziehen sich durch Theobalds Biografie. 1996 als Sohn eines orgelbauenden Vaters und einer Geigerin geboren f\u00fchrte ihn seine musikalische Karriere \u00fcber das Akkordeon, den Chorgesang an der Bonner Oper schlie\u00dflich zum Jazzpianisten Marcus Schinkel. Neben seiner Mitgliedschaft im Jugendjazzorchester Bonn und Jugendjazzorchester NRW begann der Theobald sein Jazzstudium an der K\u00f6lner Musikhochschule. Als Stipendiat wird er dabei vom Cusanuswerk gef\u00f6rdert. Bis zuletzt war er auch an der Katholischen Hochschulgemeinde K\u00f6ln als &#8220;experimenteller&#8221; Kirchenmusiker engagiert.<\/div>\n<div class=\"\"><\/div>\n<div class=\"\">Das Album \u201eMovimiento\u201c ist bei Toy Piano Records erschienen und auf allen \u00fcblichen Plattformen, sowie am Abend des Konzertes als CD, erh\u00e4ltlich.<\/div>\n<p>&nbsp;<\/p>\n<p>Andreas Theobald \u2013 Piano<br \/>\nCalvin Lennig \u2013 Kontrabass<br \/>\nLukas Schwegmann \u2013 Schlagzeug<\/p>\n<p>&nbsp;<\/p>\n<p><a href=\"http:\/\/andreastheobald.com\">Hier geht&#8217;s zur\u00fcck zur Startseite<\/a><\/p>\n","protected":false},"excerpt":{"rendered":"<p>&#8220;Die Welt ist eine unendliche Kettenreaktion &#8211; alles flie\u00dft, alles ist in Bewegung\u201c. Das Deb\u00fct Album des Pianisten Andreas Theobald entf\u00fchrt uns in seinen Kosmos der Melodien und Klangsch\u00f6nheiten. So [&hellip;]<\/p>\n","protected":false},"author":1,"featured_media":1317,"template":"","meta":{"_tribe_events_status":"","_tribe_events_status_reason":"","footnotes":""},"tags":[],"tribe_events_cat":[],"class_list":["post-2187","tribe_events","type-tribe_events","status-publish","has-post-thumbnail","hentry"],"_links":{"self":[{"href":"https:\/\/andreastheobald.com\/en\/wp-json\/wp\/v2\/tribe_events\/2187","targetHints":{"allow":["GET"]}}],"collection":[{"href":"https:\/\/andreastheobald.com\/en\/wp-json\/wp\/v2\/tribe_events"}],"about":[{"href":"https:\/\/andreastheobald.com\/en\/wp-json\/wp\/v2\/types\/tribe_events"}],"author":[{"embeddable":true,"href":"https:\/\/andreastheobald.com\/en\/wp-json\/wp\/v2\/users\/1"}],"version-history":[{"count":2,"href":"https:\/\/andreastheobald.com\/en\/wp-json\/wp\/v2\/tribe_events\/2187\/revisions"}],"predecessor-version":[{"id":2189,"href":"https:\/\/andreastheobald.com\/en\/wp-json\/wp\/v2\/tribe_events\/2187\/revisions\/2189"}],"wp:featuredmedia":[{"embeddable":true,"href":"https:\/\/andreastheobald.com\/en\/wp-json\/wp\/v2\/media\/1317"}],"wp:attachment":[{"href":"https:\/\/andreastheobald.com\/en\/wp-json\/wp\/v2\/media?parent=2187"}],"wp:term":[{"taxonomy":"post_tag","embeddable":true,"href":"https:\/\/andreastheobald.com\/en\/wp-json\/wp\/v2\/tags?post=2187"},{"taxonomy":"tribe_events_cat","embeddable":true,"href":"https:\/\/andreastheobald.com\/en\/wp-json\/wp\/v2\/tribe_events_cat?post=2187"}],"curies":[{"name":"wp","href":"https:\/\/api.w.org\/{rel}","templated":true}]}}

<div class="">&#8220;Die Welt ist eine unendliche Kettenreaktion &#8211; alles fließt, alles ist in Bewegung“. Das Debüt Album des Pianisten Andreas Theobald entführt uns in seinen Kosmos der Melodien und Klangschönheiten. So funktioniert der Titel „Movimiento“ als Teekesselchen und spielt sowohl auf die lateinamerikanischen Einflüsse, als auch auf die sinfonische Anlage seiner Musik an. Die bestechende Kompositionsarbeit des gebürtigen Bonner wurde zuletzt beim internationalen Kompositionswettbewerb „Musica Sacra Nova 2021“ in der Abtei Brauweiler ausgezeichnet.</div>
<div class=""></div>
<div class="">Mit Calvin Lennig am Kontrabass und Lukas Schwegmann an den Drums komplettieren zwei alte Weggefährten das Trio. Alle drei verbindet eine Leidenschaft für das gestalterische Detail und lyrische Improvisationen. Alle drei haben sich im Jugendjazzorchester NRW kennengelernt.</div>
<div class=""></div>
<div class="">Die Grenzgänge zwischen Jazz und klassischer Musik ziehen sich durch Theobalds Biografie. 1996 als Sohn eines orgelbauenden Vaters und einer Geigerin geboren führte ihn seine musikalische Karriere über das Akkordeon, den Chorgesang an der Bonner Oper schließlich zum Jazzpianisten Marcus Schinkel. Neben seiner Mitgliedschaft im Jugendjazzorchester Bonn und Jugendjazzorchester NRW begann der Theobald sein Jazzstudium an der Kölner Musikhochschule. Als Stipendiat wird er dabei vom Cusanuswerk gefördert. Bis zuletzt war er auch an der Katholischen Hochschulgemeinde Köln als &#8220;experimenteller&#8221; Kirchenmusiker engagiert.</div>
<div class=""></div>
<div class="">Das Album „Movimiento“ ist bei Toy Piano Records erschienen und auf allen üblichen Plattformen, sowie am Abend des Konzertes als CD, erhältlich.</div>
<p>&nbsp;</p>
<p>Andreas Theobald – Piano<br />
Calvin Lennig – Kontrabass<br />
Lukas Schwegmann – Schlagzeug</p>
<p>&nbsp;</p>
<p><a href="http://andreastheobald.com">Hier geht&#8217;s zurück zur Startseite</a></p>

<p>&#8220;Die Welt ist eine unendliche Kettenreaktion &#8211; alles fließt, alles ist in Bewegung“. Das Debüt Album des Pianisten Andreas Theobald entführt uns in seinen Kosmos der Melodien und Klangschönheiten. So [&hellip;]</p>
