{"id":1631,"date":"2022-11-09T11:35:55","date_gmt":"2022-11-09T10:35:55","guid":{"rendered":"http:\/\/andreastheobald.com\/?post_type=tribe_events&#038;p=1631"},"modified":"2022-11-19T23:17:08","modified_gmt":"2022-11-19T22:17:08","slug":"lieder-von-dunkelheit-und-licht","status":"publish","type":"tribe_events","link":"https:\/\/andreastheobald.com\/en\/tribe_events\/lieder-von-dunkelheit-und-licht","title":{"rendered":"\"Lieder. Von Dunkelheit und Licht.\" - Marienkirche Bonn"},"content":{"rendered":"<p><strong>Lieder. Von Dunkelheit und Licht.<\/strong><\/p>\n<p>In einem kontemplativ-experimentellen Konzert widmen sich die sechs S\u00e4nger*innen einer ambivalenten Zeit, dem Advent. Im Alltag von weihnachtlichen Kitsch und Gloria \u00fcberschattet, sind es doch eigentlich die Zwischent\u00f6ne, der Raum, die Erwartung von Transformation, die diese Zeit ausmachen. Wir treffen uns in einem alten, gro\u00dfen, halligen, kalten Steingeb\u00e4ude im Herzen der Bonner Altstadt. Ein sch\u00f6ner Raum, der doch vielen fremd sein mag. Eingeladen sind alle, die sich gemeinsam diesem Ort, dieser Zeit und unser Selbst n\u00e4hern m\u00f6chten &#8211; mit Musik, Worten und Stille. Wir singen Eigenkompositionen, sowie Werke von Thomas Tallis, John Sheppard und Jochen Klepper.<\/p>\n<p>&nbsp;<\/p>\n<p>mit:<\/p>\n<p>Sarah-L\u00e9na Winterhalter &#8211; (Solo-)Sopran<\/p>\n<p>Elisabeth Theobald &#8211; Sopran<\/p>\n<p>Lena Senge &#8211; Alt<\/p>\n<p>Andreas Theobald &#8211; Tenor, Orgel, Elektronik<\/p>\n<p>Luis Wei\u00df &#8211; Tenor, Fl\u00fcgelhorn, Elektronik<\/p>\n<p>Michael Krinner &#8211; Bass<\/p>\n<p>&nbsp;<\/p>\n<p>Der Eintritt ist frei, um Spenden wird gebeten.<\/p>\n<p>Einlass ab 19:30h. Bitte warm anziehen, in der Marienkirche wird es voraussichtlich kalt sein.<\/p>\n<p>&nbsp;<\/p>\n<p><a href=\"https:\/\/soundcloud.com\/user-389093498\/sets\/sacred-music?utm_source=clipboard&amp;utm_medium=text&amp;utm_campaign=social_sharing\" target=\"_blank\" rel=\"noopener\">H\u00f6reindr\u00fccke aus vorherigen Projekten<\/a><\/p>\n<p><a href=\"http:\/\/andreastheobald.com\">Hier geht&#8217;s zur\u00fcck zur Startseite<\/a><\/p>\n<p>&nbsp;<\/p>\n<p><img fetchpriority=\"high\" decoding=\"async\" class=\"alignnone wp-image-1655\" src=\"http:\/\/andreastheobald.com\/wp-content\/uploads\/2022\/11\/Von-Licht-und-Dunkelheit_Banner2-1-300x89.png\" alt=\"\" width=\"527\" height=\"156\" srcset=\"https:\/\/andreastheobald.com\/wp-content\/uploads\/2022\/11\/Von-Licht-und-Dunkelheit_Banner2-1-300x89.png 300w, https:\/\/andreastheobald.com\/wp-content\/uploads\/2022\/11\/Von-Licht-und-Dunkelheit_Banner2-1-1024x304.png 1024w, https:\/\/andreastheobald.com\/wp-content\/uploads\/2022\/11\/Von-Licht-und-Dunkelheit_Banner2-1-768x228.png 768w, https:\/\/andreastheobald.com\/wp-content\/uploads\/2022\/11\/Von-Licht-und-Dunkelheit_Banner2-1-1536x457.png 1536w, https:\/\/andreastheobald.com\/wp-content\/uploads\/2022\/11\/Von-Licht-und-Dunkelheit_Banner2-1-2048x609.png 2048w, https:\/\/andreastheobald.com\/wp-content\/uploads\/2022\/11\/Von-Licht-und-Dunkelheit_Banner2-1-1000x297.png 1000w\" sizes=\"(max-width: 527px) 100vw, 527px\" \/><\/p>\n","protected":false},"excerpt":{"rendered":"<p>Lieder. Von Dunkelheit und Licht. In einem kontemplativ-experimentellen Konzert widmen sich die sechs S\u00e4nger*innen einer ambivalenten Zeit, dem Advent. Im Alltag von weihnachtlichen Kitsch und Gloria \u00fcberschattet, sind es doch [&hellip;]<\/p>\n","protected":false},"author":1,"featured_media":1634,"template":"","meta":{"_tribe_events_status":"","_tribe_events_status_reason":"","footnotes":""},"tags":[],"tribe_events_cat":[],"class_list":["post-1631","tribe_events","type-tribe_events","status-publish","has-post-thumbnail","hentry"],"_links":{"self":[{"href":"https:\/\/andreastheobald.com\/en\/wp-json\/wp\/v2\/tribe_events\/1631","targetHints":{"allow":["GET"]}}],"collection":[{"href":"https:\/\/andreastheobald.com\/en\/wp-json\/wp\/v2\/tribe_events"}],"about":[{"href":"https:\/\/andreastheobald.com\/en\/wp-json\/wp\/v2\/types\/tribe_events"}],"author":[{"embeddable":true,"href":"https:\/\/andreastheobald.com\/en\/wp-json\/wp\/v2\/users\/1"}],"version-history":[{"count":22,"href":"https:\/\/andreastheobald.com\/en\/wp-json\/wp\/v2\/tribe_events\/1631\/revisions"}],"predecessor-version":[{"id":1660,"href":"https:\/\/andreastheobald.com\/en\/wp-json\/wp\/v2\/tribe_events\/1631\/revisions\/1660"}],"wp:featuredmedia":[{"embeddable":true,"href":"https:\/\/andreastheobald.com\/en\/wp-json\/wp\/v2\/media\/1634"}],"wp:attachment":[{"href":"https:\/\/andreastheobald.com\/en\/wp-json\/wp\/v2\/media?parent=1631"}],"wp:term":[{"taxonomy":"post_tag","embeddable":true,"href":"https:\/\/andreastheobald.com\/en\/wp-json\/wp\/v2\/tags?post=1631"},{"taxonomy":"tribe_events_cat","embeddable":true,"href":"https:\/\/andreastheobald.com\/en\/wp-json\/wp\/v2\/tribe_events_cat?post=1631"}],"curies":[{"name":"wp","href":"https:\/\/api.w.org\/{rel}","templated":true}]}}

<p><strong>Lieder. Von Dunkelheit und Licht.</strong></p>
<p>In einem kontemplativ-experimentellen Konzert widmen sich die sechs Sänger*innen einer ambivalenten Zeit, dem Advent. Im Alltag von weihnachtlichen Kitsch und Gloria überschattet, sind es doch eigentlich die Zwischentöne, der Raum, die Erwartung von Transformation, die diese Zeit ausmachen. Wir treffen uns in einem alten, großen, halligen, kalten Steingebäude im Herzen der Bonner Altstadt. Ein schöner Raum, der doch vielen fremd sein mag. Eingeladen sind alle, die sich gemeinsam diesem Ort, dieser Zeit und unser Selbst nähern möchten &#8211; mit Musik, Worten und Stille. Wir singen Eigenkompositionen, sowie Werke von Thomas Tallis, John Sheppard und Jochen Klepper.</p>
<p>&nbsp;</p>
<p>mit:</p>
<p>Sarah-Léna Winterhalter &#8211; (Solo-)Sopran</p>
<p>Elisabeth Theobald &#8211; Sopran</p>
<p>Lena Senge &#8211; Alt</p>
<p>Andreas Theobald &#8211; Tenor, Orgel, Elektronik</p>
<p>Luis Weiß &#8211; Tenor, Flügelhorn, Elektronik</p>
<p>Michael Krinner &#8211; Bass</p>
<p>&nbsp;</p>
<p>Der Eintritt ist frei, um Spenden wird gebeten.</p>
<p>Einlass ab 19:30h. Bitte warm anziehen, in der Marienkirche wird es voraussichtlich kalt sein.</p>
<p>&nbsp;</p>
<p><a href="https://soundcloud.com/user-389093498/sets/sacred-music?utm_source=clipboard&amp;utm_medium=text&amp;utm_campaign=social_sharing" target="_blank" rel="noopener">Höreindrücke aus vorherigen Projekten</a></p>
<p><a href="http://andreastheobald.com">Hier geht&#8217;s zurück zur Startseite</a></p>
<p>&nbsp;</p>
<p><img fetchpriority="high" decoding="async" class="alignnone wp-image-1655" src="http://andreastheobald.com/wp-content/uploads/2022/11/Von-Licht-und-Dunkelheit_Banner2-1-300x89.png" alt="" width="527" height="156" srcset="https://andreastheobald.com/wp-content/uploads/2022/11/Von-Licht-und-Dunkelheit_Banner2-1-300x89.png 300w, https://andreastheobald.com/wp-content/uploads/2022/11/Von-Licht-und-Dunkelheit_Banner2-1-1024x304.png 1024w, https://andreastheobald.com/wp-content/uploads/2022/11/Von-Licht-und-Dunkelheit_Banner2-1-768x228.png 768w, https://andreastheobald.com/wp-content/uploads/2022/11/Von-Licht-und-Dunkelheit_Banner2-1-1536x457.png 1536w, https://andreastheobald.com/wp-content/uploads/2022/11/Von-Licht-und-Dunkelheit_Banner2-1-2048x609.png 2048w, https://andreastheobald.com/wp-content/uploads/2022/11/Von-Licht-und-Dunkelheit_Banner2-1-1000x297.png 1000w" sizes="(max-width: 527px) 100vw, 527px" /></p>

<p>Lieder. Von Dunkelheit und Licht. In einem kontemplativ-experimentellen Konzert widmen sich die sechs Sänger*innen einer ambivalenten Zeit, dem Advent. Im Alltag von weihnachtlichen Kitsch und Gloria überschattet, sind es doch [&hellip;]</p>
