{"id":1290,"date":"2021-10-12T12:13:34","date_gmt":"2021-10-12T10:13:34","guid":{"rendered":"http:\/\/andreastheobald.com\/?post_type=tribe_events&#038;p=1290"},"modified":"2021-10-12T12:13:35","modified_gmt":"2021-10-12T10:13:35","slug":"release-konzert-movimiento","status":"publish","type":"tribe_events","link":"https:\/\/andreastheobald.com\/en\/tribe_events\/release-konzert-movimiento","title":{"rendered":"Release-Konzert \"Movimiento\" - Altes Pfandhaus K\u00f6ln"},"content":{"rendered":"<p>\u201eDie Welt ist eine unendliche Kettenreaktion \u2013 alles flie\u00dft, alles ist in Bewegung\u201c. Das Deb\u00fct Album des Pianisten Andreas Theobald entf\u00fchrt uns in seinen Kosmos der Melodien und Klangsch\u00f6nheiten. So funktioniert der Titel \u201eMovimiento\u201c als Teekesselchen und spielt sowohl auf die lateinamerikanischen Einfl\u00fcsse, als auch auf die sinfonische Anlage seiner Musik an. Die bestechende Kompositionsarbeit des geb\u00fcrtigen Bonner wurde k\u00fcrzlich erst beim internationalen Kompositionswettbewerb \u201eMusica Sacra Nova 2021\u201c ausgezeichnet.<\/p>\n<p>Mit Calvin Lennig am Kontrabass und Felix Ambach an den Drums komplettieren zwei alte Weggef\u00e4hrten das Trio. Alle drei verbindet eine Leidenschaft f\u00fcr das gestalterische Detail und lyrische Improvisationen. Nach Mitgliedschaften im Landesjugendjazzorchester Hessen, Jugendjazzorchester Nordrhein- Westfalen sowie dem Bundesjazzorchester haben sich die Mitglieder der Band an der K\u00f6lner Musikhochschule und der Folkwang Universit\u00e4t kennengelernt. In teilweise sogar gemeinsamen Aufenthalten u.a. in Kolumbien, Paraguay und Argentinien konnten sie ihr Gesp\u00fcr f\u00fcr die Musik des s\u00fcdamerikanischen Kontinents weiter verfeinern.<\/p>\n<p>Das Album \u201eMovimiento\u201c erscheint am Konzerttag bei Toy Piano Records und wird erstmalig im Zuge des Konzertes bzw. von da an \u00fcber alle \u00fcblichen Kan\u00e4le erh\u00e4ltlich sein.<\/p>\n<p>&nbsp;<\/p>\n<p>Andreas Theobald \u2013 Piano<br \/>\nCalvin Lennig \u2013 Kontrabass<br \/>\nFelix Ambach \u2013 Schlagzeug<\/p>\n<p>&nbsp;<\/p>\n<p><a href=\"https:\/\/www.koelnticket.de\/andreas%20theobald%20trio-ticket-7452\/?evid=2499266&amp;referer_info=&amp;tId=&amp;forwardingTicket=&amp;pageId=7452\" target=\"_blank\" rel=\"noopener\">Tickets kaufen<\/a><\/p>\n<p><a href=\"http:\/\/andreastheobald.com\">Hier geht&#8217;s zur\u00fcck zur Startseite<\/a><\/p>\n","protected":false},"excerpt":{"rendered":"<p>\u201eDie Welt ist eine unendliche Kettenreaktion \u2013 alles flie\u00dft, alles ist in Bewegung\u201c. Das Deb\u00fct Album des Pianisten Andreas Theobald entf\u00fchrt uns in seinen Kosmos der Melodien und Klangsch\u00f6nheiten. So [&hellip;]<\/p>\n","protected":false},"author":1,"featured_media":1262,"template":"","meta":{"_tribe_events_status":"","_tribe_events_status_reason":"","footnotes":""},"tags":[],"tribe_events_cat":[],"class_list":["post-1290","tribe_events","type-tribe_events","status-publish","has-post-thumbnail","hentry"],"_links":{"self":[{"href":"https:\/\/andreastheobald.com\/en\/wp-json\/wp\/v2\/tribe_events\/1290","targetHints":{"allow":["GET"]}}],"collection":[{"href":"https:\/\/andreastheobald.com\/en\/wp-json\/wp\/v2\/tribe_events"}],"about":[{"href":"https:\/\/andreastheobald.com\/en\/wp-json\/wp\/v2\/types\/tribe_events"}],"author":[{"embeddable":true,"href":"https:\/\/andreastheobald.com\/en\/wp-json\/wp\/v2\/users\/1"}],"version-history":[{"count":1,"href":"https:\/\/andreastheobald.com\/en\/wp-json\/wp\/v2\/tribe_events\/1290\/revisions"}],"predecessor-version":[{"id":1291,"href":"https:\/\/andreastheobald.com\/en\/wp-json\/wp\/v2\/tribe_events\/1290\/revisions\/1291"}],"wp:featuredmedia":[{"embeddable":true,"href":"https:\/\/andreastheobald.com\/en\/wp-json\/wp\/v2\/media\/1262"}],"wp:attachment":[{"href":"https:\/\/andreastheobald.com\/en\/wp-json\/wp\/v2\/media?parent=1290"}],"wp:term":[{"taxonomy":"post_tag","embeddable":true,"href":"https:\/\/andreastheobald.com\/en\/wp-json\/wp\/v2\/tags?post=1290"},{"taxonomy":"tribe_events_cat","embeddable":true,"href":"https:\/\/andreastheobald.com\/en\/wp-json\/wp\/v2\/tribe_events_cat?post=1290"}],"curies":[{"name":"wp","href":"https:\/\/api.w.org\/{rel}","templated":true}]}}

Release-Konzert "Movimiento" - Altes Pfandhaus Köln

<p>„Die Welt ist eine unendliche Kettenreaktion – alles fließt, alles ist in Bewegung“. Das Debüt Album des Pianisten Andreas Theobald entführt uns in seinen Kosmos der Melodien und Klangschönheiten. So funktioniert der Titel „Movimiento“ als Teekesselchen und spielt sowohl auf die lateinamerikanischen Einflüsse, als auch auf die sinfonische Anlage seiner Musik an. Die bestechende Kompositionsarbeit des gebürtigen Bonner wurde kürzlich erst beim internationalen Kompositionswettbewerb „Musica Sacra Nova 2021“ ausgezeichnet.</p>
<p>Mit Calvin Lennig am Kontrabass und Felix Ambach an den Drums komplettieren zwei alte Weggefährten das Trio. Alle drei verbindet eine Leidenschaft für das gestalterische Detail und lyrische Improvisationen. Nach Mitgliedschaften im Landesjugendjazzorchester Hessen, Jugendjazzorchester Nordrhein- Westfalen sowie dem Bundesjazzorchester haben sich die Mitglieder der Band an der Kölner Musikhochschule und der Folkwang Universität kennengelernt. In teilweise sogar gemeinsamen Aufenthalten u.a. in Kolumbien, Paraguay und Argentinien konnten sie ihr Gespür für die Musik des südamerikanischen Kontinents weiter verfeinern.</p>
<p>Das Album „Movimiento“ erscheint am Konzerttag bei Toy Piano Records und wird erstmalig im Zuge des Konzertes bzw. von da an über alle üblichen Kanäle erhältlich sein.</p>
<p>&nbsp;</p>
<p>Andreas Theobald – Piano<br />
Calvin Lennig – Kontrabass<br />
Felix Ambach – Schlagzeug</p>
<p>&nbsp;</p>
<p><a href="https://www.koelnticket.de/andreas%20theobald%20trio-ticket-7452/?evid=2499266&amp;referer_info=&amp;tId=&amp;forwardingTicket=&amp;pageId=7452" target="_blank" rel="noopener">Tickets kaufen</a></p>
<p><a href="http://andreastheobald.com">Hier geht&#8217;s zurück zur Startseite</a></p>

<p>„Die Welt ist eine unendliche Kettenreaktion – alles fließt, alles ist in Bewegung“. Das Debüt Album des Pianisten Andreas Theobald entführt uns in seinen Kosmos der Melodien und Klangschönheiten. So [&hellip;]</p>
